+ 5, -3*a + 105 = t*i - 4*a. What is the remainder when 39 is divided by i?
19
Suppose -10*b = 3 - 93. What is the remainder when 17 is divided by b?
8
Calculate the remainder when -4*5/((-60)/93) is divided by 11.
9
Let n(v) = -v**2 + 12*v + 10. Calculate the remainder when n(7) is divided by 16.
13
Let p(d) = -d**3 - 13*d**2 - d + 16. What is the remainder when p(-13) is divided by 10?
9
Let c be 0*(-2 + 1)/(-1). Suppose 12 = -2*g + 4, 5*d + 3*g - 73 = c. What is the remainder when 32 is divided by d?
15
Let w = -83 + 58. Let m = w - -43. Suppose 40 = 3*g - 5*t, 4*t + 3 = -5. What is the remainder when m is divided by g?
8
Let m(o) = o. Let d be m(-4). Let h = 2 + d. Calculate the remainder when 28 is divided by (-2)/(3/45*h).
13
Let u = 21 - 12. Suppose 10*w = 7*w + 78. Calculate the remainder when w is divided by u.
8
Suppose -3*c = 5*o - 7, 0*c + o - 3 = -c. Let q = 3 - c. Calculate the remainder when 20 is divided by -2*11/2*q.
9
Let o(y) = 6*y - 2. What is the remainder when 77 is divided by o(3)?
13
Let l = 87 + -52. Suppose -4*g + l = g. Calculate the remainder when 12 is divided by g.
5
Calculate the remainder when 3471/15 - (-6)/(-15) is divided by 58.
57
Suppose 4*h + g = 73 + 56, 2*g = -3*h + 93. Calculate the remainder when h is divided by 12.
9
Let t(x) = 3*x + 1. Let j be t(7). Calculate the remainder when 20 is divided by 9/6 + j/4.
6
Let l(t) = 2*t**3 + 2*t + 16. Calculate the remainder when 77 is divided by l(0).
13
Suppose -2*t = -3*r - 235, 4*t - 640 = -t - 3*r. Suppose -3*o + t = 2*o. What is the remainder when o is divided by 14?
11
Suppose -55 = 6*z - 11*z. Calculate the remainder when 74 is divided by z.
8
Suppose 0 = -2*u + 243 - 39. Calculate the remainder when u is divided by 13.
11
Suppose -3*w = -2*w - 6. Let g(n) = n - n - 4 - n**2 + 8*n + 5. What is the remainder when g(5) is divided by w?
4
Let x = -104 - -151. What is the remainder when x is divided by 8 + 6 - 4/2?
11
Let m = -10 - -14. Suppose m - 10 = -2*g. What is the remainder when g is divided by 1?
0
Let v be 4 + -2 - -1*1. Calculate the remainder when 58/4 + v/(-6) is divided by (5/(-3) + 0)*-3.
4
Let k = 10 - -1. Suppose 9 = -a + 30. What is the remainder when (-1 + (-2 - -4))*a is divided by k?
10
Suppose -5*i + 4*s = 54, -3*i - 3*s + 0*s = 27. Let g = i - -21. Calculate the remainder when 32 is divided by g.
10
What is the remainder when 19 is divided by ((-4)/3)/((-2)/15)?
9
Let r(s) = -s**3 + 5*s**2 + 4*s + 2. Let l be r(5). Suppose 0*g = -g + l. Let d = -6 + 14. What is the remainder when g is divided by d?
6
Let q be (-3)/(-3) - (-2 - -2). Suppose 5*s - s + 5*c - 31 = 0, -q = c. Calculate the remainder when 33 is divided by s.
6
Suppose 0 = o + 2*j + 4, -4*o + 9 + 11 = -4*j. Suppose -5*l = r + 4*r - 70, o*r - 48 = 3*l. Calculate the remainder when 52 is divided by r.
16
Calculate the remainder when 26 is divided by (-900)/(-63) - (-4)/(-14).
12
Suppose 5*l - 2*i - 225 = 38, -4 = -4*i. Suppose 6*a - 4*a - 28 = 0. What is the remainder when l is divided by a?
11
Suppose 2*b + 4*m - m + 38 = 0, -m = 4. Let x = b - -21. Suppose q - x = -1. Calculate the remainder when q is divided by 3.
1
Suppose -4*a + 25 = a. Calculate the remainder when 15 is divided by a.
0
Let b be (1 - (2 + -2))*5. Suppose -2*u - 44 = -6*q + 3*q, b*q - 66 = -4*u. Suppose 16 + 38 = 2*p. What is the remainder when p is divided by q?
13
Let d = -33 - -48. Let o(w) = 2*w + 14. What is the remainder when d is divided by o(-5)?
3
Calculate the remainder when (-2)/(-10) + (-1676)/(-20) is divided by 29.
26
Let q = 150 - 76. Calculate the remainder when q is divided by 15.
14
Suppose -4*g + 3*g + 13 = 0. Let h = 2 + g. Calculate the remainder when 0 - (-1)/(-1)*-29 is divided by h.
14
Suppose 814 = 5*r - l, 0 = 3*r - 4*l - l - 506. Calculate the remainder when r is divided by 33.
30
What is the remainder when ((-62)/4)/(3/(-18)) is divided by 19?
17
Let q(z) = -z**3 + 9*z**2 + 6*z - 8. Suppose 11 = -5*m - 4, -2*m = 4*y - 30. What is the remainder when q(y) is divided by 12?
10
Suppose -5*f - 4*v + 3 = -2, -20 = -2*f + 2*v. Let r(n) = f*n - 5*n - n**3 + 4*n**2 + 4. Calculate the remainder when 14 is divided by r(4).
2
Let i be (3/6)/((-1)/(-6)). Let w be 3*((-2)/6 - -1). Suppose -i*j - 8*a = -3*a - 55, w*a - 20 = -j. Calculate the remainder when 18 is divided by j.
8
Suppose l = -0*l + 17. Let a = 2 + -12. Let j = a + 19. What is the remainder when l is divided by j?
8
Suppose 0 = 5*u - 151 + 36. Calculate the remainder when (-2)/(-6)*402/2 is divided by u.
21
Let v(m) = -7*m**2 - 1. Let i(o) = -8*o**2 + o - 1. Let y(g) = -6*i(g) + 7*v(g). Let d = -17 + 36. Calculate the remainder when d is divided by y(-4).
5
Let t(o) = 5*o - 1. Let i be (-2)/(-7) - 132/(-28). Suppose 3*u - y + 14 = 4*u, -i*u + 2*y + 49 = 0. What is the remainder when u is divided by t(1)?
3
Suppose 18*p = 20*p - 56. What is the remainder when 82 is divided by p?
26
Suppose -4*c = -0*c - 88. Let x = 0 + c. Suppose 0 = 4*l - x - 18. Calculate the remainder when 19 is divided by l.
9
Let k = -53 + 124. What is the remainder when k is divided by 24?
23
What is the remainder when 18/(-15)*(-15)/2 is divided by 5?
4
Suppose 5*z - 197 = 38. Calculate the remainder when z is divided by 16.
15
Suppose 3*j = 4 + 2. Suppose j + 4 = -2*p. Let d(m) = m**2 + 3*m + 3. Calculate the remainder when 7 is divided by d(p).
1
Suppose 0 = -n - 0*n - 4*k + 15, 0 = -4*n - 3*k + 86. Let z = 23 + n. Let s = 3 + 13. What is the remainder when z is divided by s?
14
Let h(w) = -2*w + 83. What is the remainder when h(28) is divided by 5?
2
Let v = 1 + 2. Calculate the remainder when 4 is divided by v.
1
Suppose j = -4*j + 10. Suppose -a + j = -12. Suppose -5*d - 2*u = -33, -2*u - u + 27 = 3*d. What is the remainder when a is divided by d?
4
Suppose -5*p = 5, 0 = -s + 6*s + 5*p - 40. Suppose -8 + 2 = -3*z. Calculate the remainder when s is divided by 40/25*5/z.
1
Let z = -10 - -16. Calculate the remainder when 23 is divided by z.
5
Calculate the remainder when 29 is divided by -2 - (0 - 3) - -14.
14
Let y = 14 + 16. What is the remainder when 57 is divided by y?
27
Let h = 20 - 15. Suppose 0 = -z + 7 + h. What is the remainder when 35 is divided by z?
11
Suppose -5*i + 5*m = -75, -4*i - 5*m + 6 = -18. Calculate the remainder when 43 is divided by i.
10
Suppose -a = -q - 2*a + 35, 0 = 5*q + 2*a - 160. Calculate the remainder when q is divided by 11.
8
Suppose a - u + 7 - 14 = 0, 2*a + 3*u - 24 = 0. What is the remainder when 134 is divided by a?
8
Let f(o) = -26*o - 1. Let c be f(-3). Let u = c + -32. Suppose j - 4*j + 24 = -s, -4*j - 3*s + u = 0. What is the remainder when 15 is divided by j?
6
Let o(k) = -3*k - 9. What is the remainder when 34 is divided by o(-6)?
7
Let n(x) = 5*x**2 + x. Let q be n(1). Suppose m - 21 = 3*y - 5*y, q = 2*y. Calculate the remainder when 57 is divided by m.
12
Let c(m) = m**3 - 3*m**2 + 4. Let j be c(3). Suppose j*u = 38 - 10. What is the remainder when u is divided by 4?
3
Let j(r) = -2*r - 2*r + 5*r + 0 - 1. What is the remainder when 19 is divided by j(6)?
4
Suppose 2*d + 5 = 1. Let p = 19 + d. What is the remainder when p is divided by 5?
2
Suppose -y - 3*c = -28, -2*c - 3*c - 180 = -4*y. What is the remainder when y is divided by (-2)/5*-35*1?
12
Suppose 3*l - 31 - 48 = -2*q, 0 = 2*q - 5*l - 55. What is the remainder when q is divided by 12?
11
Let l be 3/6 + (-11)/2. Let n = l - -25. Calculate the remainder when 59 is divided by n.
19
Suppose 0 = -4*k + 82 + 42. Calculate the remainder when k is divided by 21.
10
What is the remainder when (-3)/((-5)/5) + 13 is divided by -12*((-3)/2)/3?
4
Let u be (-4)/(-3)*15/5. Suppose m = -2*j + u, -j - 6*m = -m + 7. Let c = 31 - j. What is the remainder when c is divided by 15?
13
Let a(n) = -n**3 - 3*n**2 + 7*n + 2. Let b = 3 - 1. Suppose -5*j + 0*h = -3*h + 16, b*h - 14 = 4*j. What is the remainder when 33 is divided by a(j)?
16
Let q = 72 - 29. Calculate the remainder when q is divided by 15.
13
Suppose 358 + 226 = 8*n. What is the remainder when n is divided by 19?
16
Let n = 1 - -1. Suppose -n*x = -3*m + x + 6, -m + 4*x = 1. Suppose 2*a - 24 = -a. Calculate the remainder when a is divided by m.
2
Let d(c) = -c**2 - 6*c + 2. Let b = 10 + -14. What is the remainder